{"id":157,"date":"2016-04-27T20:01:41","date_gmt":"2016-04-27T20:01:41","guid":{"rendered":"https:\/\/oceanwp.org\/underwear\/?page_id=157"},"modified":"2024-03-12T16:23:34","modified_gmt":"2024-03-12T15:23:34","slug":"catalog","status":"publish","type":"page","link":"https:\/\/plotcopy.com\/?page_id=157","title":{"rendered":"NOSOTROS"},"content":{"rendered":"<style>\/*! elementor - v3.19.0 - 28-02-2024 *\/\n.elementor-widget-image{text-align:center}.elementor-widget-image a{display:inline-block}.elementor-widget-image a img[src$=\".svg\"]{width:48px}.elementor-widget-image img{vertical-align:middle;display:inline-block}<\/style>\n<p>\t\t\t\t\t\t\t\t\t\t<img loading=\"lazy\" decoding=\"async\" width=\"1024\" height=\"833\" src=\"https:\/\/plotcopy.com\/wp-content\/uploads\/2024\/03\/WEB-1024x833.png\" alt=\"\" srcset=\"https:\/\/plotcopy.com\/wp-content\/uploads\/2024\/03\/WEB-1024x833.png 1024w, https:\/\/plotcopy.com\/wp-content\/uploads\/2024\/03\/WEB-300x244.png 300w, https:\/\/plotcopy.com\/wp-content\/uploads\/2024\/03\/WEB-768x624.png 768w, https:\/\/plotcopy.com\/wp-content\/uploads\/2024\/03\/WEB-433x352.png 433w, https:\/\/plotcopy.com\/wp-content\/uploads\/2024\/03\/WEB.png 1027w\" sizes=\"auto, (max-width: 1024px) 100vw, 1024px\" \/>\t\t\t\t\t\t\t\t\t\t\t\t\t<\/p>\n<style>\/*! elementor - v3.19.0 - 28-02-2024 *\/\n.elementor-heading-title{padding:0;margin:0;line-height:1}.elementor-widget-heading .elementor-heading-title[class*=elementor-size-]>a{color:inherit;font-size:inherit;line-height:inherit}.elementor-widget-heading .elementor-heading-title.elementor-size-small{font-size:15px}.elementor-widget-heading .elementor-heading-title.elementor-size-medium{font-size:19px}.elementor-widget-heading .elementor-heading-title.elementor-size-large{font-size:29px}.elementor-widget-heading .elementor-heading-title.elementor-size-xl{font-size:39px}.elementor-widget-heading .elementor-heading-title.elementor-size-xxl{font-size:59px}<\/style>\n<h1>PLOT COPY<\/h1>\n<p>Nuestra empresa es l\u00edder en el mercado de insumos, alquiler y servicios t\u00e9cnicos para equipos de impresi\u00f3n, fotocopiadoras y plotters. Trabajamos con marcas originales como Epson, Canon y HP, ofreciendo productos de alta calidad respaldados por garant\u00eda y soporte t\u00e9cnico. Nos destacamos por nuestro compromiso con la excelencia en el servicio al cliente, brindando asesoramiento personalizado y soluciones adaptadas a las necesidades individuales de cada cliente. Somos su socio confiable en tecnolog\u00eda de impresi\u00f3n y copiado, comprometidos a superar sus expectativas y garantizar su satisfacci\u00f3n en cada interacci\u00f3n<\/p>\n<h2>Nuestra Misi\u00f3n<\/h2>\n<p>Nuestra misi\u00f3n es ofrecer a nuestros clientes confianza, garant\u00eda y atenci\u00f3n r\u00e1pida. Nos comprometemos a proporcionar productos y servicios de alta calidad, superando expectativas y construyendo relaciones s\u00f3lidas basadas en la confianza y el \u00e9xito compartido.<\/p>\n<p>\t\t\t\t\t\t\t\t\t\t\t\t\t<img loading=\"lazy\" decoding=\"async\" width=\"1024\" height=\"768\" src=\"https:\/\/plotcopy.com\/wp-content\/uploads\/2024\/03\/WhatsApp-Image-2024-03-11-at-12.06.40-PM-1-1024x768.jpeg\" alt=\"\" srcset=\"https:\/\/plotcopy.com\/wp-content\/uploads\/2024\/03\/WhatsApp-Image-2024-03-11-at-12.06.40-PM-1-1024x768.jpeg 1024w, https:\/\/plotcopy.com\/wp-content\/uploads\/2024\/03\/WhatsApp-Image-2024-03-11-at-12.06.40-PM-1-300x225.jpeg 300w, https:\/\/plotcopy.com\/wp-content\/uploads\/2024\/03\/WhatsApp-Image-2024-03-11-at-12.06.40-PM-1-768x576.jpeg 768w, https:\/\/plotcopy.com\/wp-content\/uploads\/2024\/03\/WhatsApp-Image-2024-03-11-at-12.06.40-PM-1-1536x1152.jpeg 1536w, https:\/\/plotcopy.com\/wp-content\/uploads\/2024\/03\/WhatsApp-Image-2024-03-11-at-12.06.40-PM-1-2048x1536.jpeg 2048w, https:\/\/plotcopy.com\/wp-content\/uploads\/2024\/03\/WhatsApp-Image-2024-03-11-at-12.06.40-PM-1-1320x990.jpeg 1320w, https:\/\/plotcopy.com\/wp-content\/uploads\/2024\/03\/WhatsApp-Image-2024-03-11-at-12.06.40-PM-1-433x325.jpeg 433w\" sizes=\"auto, (max-width: 1024px) 100vw, 1024px\" \/>\t\t\t\t\t\t\t\t\t\t\t\t\t<\/p>\n<h2>Nuestra Visi\u00f3n<\/h2>\n<p>Nuestra visi\u00f3n es ser reconocidos como l\u00edderes en el mercado al proporcionar tarifas y soluciones accesibles, adaptadas a las necesidades individuales de nuestros clientes. Nos esforzamos por ser innovadores y flexibles, asegurando que nuestros clientes siempre encuentren opciones que se ajusten a sus presupuestos y requisitos, permiti\u00e9ndoles alcanzar sus objetivos de manera efectiva y rentable.<\/p>\n<p>\t\t\t\t\t\t\t\t\t\t\t\t\t<img loading=\"lazy\" decoding=\"async\" width=\"1024\" height=\"768\" src=\"https:\/\/plotcopy.com\/wp-content\/uploads\/2024\/03\/WhatsApp-Image-2024-03-11-at-12.06.40-PM-1024x768.jpeg\" alt=\"\" srcset=\"https:\/\/plotcopy.com\/wp-content\/uploads\/2024\/03\/WhatsApp-Image-2024-03-11-at-12.06.40-PM-1024x768.jpeg 1024w, https:\/\/plotcopy.com\/wp-content\/uploads\/2024\/03\/WhatsApp-Image-2024-03-11-at-12.06.40-PM-300x225.jpeg 300w, https:\/\/plotcopy.com\/wp-content\/uploads\/2024\/03\/WhatsApp-Image-2024-03-11-at-12.06.40-PM-768x576.jpeg 768w, https:\/\/plotcopy.com\/wp-content\/uploads\/2024\/03\/WhatsApp-Image-2024-03-11-at-12.06.40-PM-1536x1152.jpeg 1536w, https:\/\/plotcopy.com\/wp-content\/uploads\/2024\/03\/WhatsApp-Image-2024-03-11-at-12.06.40-PM-2048x1536.jpeg 2048w, https:\/\/plotcopy.com\/wp-content\/uploads\/2024\/03\/WhatsApp-Image-2024-03-11-at-12.06.40-PM-1320x990.jpeg 1320w, https:\/\/plotcopy.com\/wp-content\/uploads\/2024\/03\/WhatsApp-Image-2024-03-11-at-12.06.40-PM-433x325.jpeg 433w\" sizes=\"auto, (max-width: 1024px) 100vw, 1024px\" \/>\t\t\t\t\t\t\t\t\t\t\t\t\t<\/p>\n<h3>NUESTROS VALORES<\/h3>\n<style>\/*! elementor - v3.19.0 - 28-02-2024 *\/\n.elementor-toggle{text-align:left}.elementor-toggle .elementor-tab-title{font-weight:700;line-height:1;margin:0;padding:15px;border-bottom:1px solid #d5d8dc;cursor:pointer;outline:none}.elementor-toggle .elementor-tab-title .elementor-toggle-icon{display:inline-block;width:1em}.elementor-toggle .elementor-tab-title .elementor-toggle-icon svg{margin-inline-start:-5px;width:1em;height:1em}.elementor-toggle .elementor-tab-title .elementor-toggle-icon.elementor-toggle-icon-right{float:right;text-align:right}.elementor-toggle .elementor-tab-title .elementor-toggle-icon.elementor-toggle-icon-left{float:left;text-align:left}.elementor-toggle .elementor-tab-title .elementor-toggle-icon .elementor-toggle-icon-closed{display:block}.elementor-toggle .elementor-tab-title .elementor-toggle-icon .elementor-toggle-icon-opened{display:none}.elementor-toggle .elementor-tab-title.elementor-active{border-bottom:none}.elementor-toggle .elementor-tab-title.elementor-active .elementor-toggle-icon-closed{display:none}.elementor-toggle .elementor-tab-title.elementor-active .elementor-toggle-icon-opened{display:block}.elementor-toggle .elementor-tab-content{padding:15px;border-bottom:1px solid #d5d8dc;display:none}@media (max-width:767px){.elementor-toggle .elementor-tab-title{padding:12px}.elementor-toggle .elementor-tab-content{padding:12px 10px}}.e-con-inner>.elementor-widget-toggle,.e-con>.elementor-widget-toggle{width:var(--container-widget-width);--flex-grow:var(--container-widget-flex-grow)}<\/style>\n<h4 id=\"elementor-tab-title-1981\" data-tab=\"1\" role=\"button\" aria-controls=\"elementor-tab-content-1981\" aria-expanded=\"false\">\n\t\t\t\t\t\t\t\t\t\t\t\t<a tabindex=\"0\">&#8211; FIABILIDAD DEL PRODUCTO<\/a><br \/>\n\t\t\t\t\t<\/h4>\n<p>Nos comprometemos a ofrecer productos de alta calidad y confiabilidad, incluyendo insumos, impresoras, tintas y plotters, garantizando su rendimiento \u00f3ptimo y durabilidad para satisfacer las necesidades de nuestros clientes.<\/p>\n<h4 id=\"elementor-tab-title-1982\" data-tab=\"2\" role=\"button\" aria-controls=\"elementor-tab-content-1982\" aria-expanded=\"false\">\n\t\t\t\t\t\t\t\t\t\t\t\t<a tabindex=\"0\">&#8211; EXCELENCIA EN EL SERVICIO T\u00c9CNICO<\/a><br \/>\n\t\t\t\t\t<\/h4>\n<p>Nos esforzamos por brindar un servicio t\u00e9cnico excepcional, proporcionando soluciones r\u00e1pidas y eficientes para mantener en funcionamiento los equipos de nuestros clientes. Nuestros t\u00e9cnicos altamente capacitados est\u00e1n comprometidos con la excelencia y la satisfacci\u00f3n del cliente en cada intervenci\u00f3n.m.<\/p>\n<h4 id=\"elementor-tab-title-1983\" data-tab=\"3\" role=\"button\" aria-controls=\"elementor-tab-content-1983\" aria-expanded=\"false\">\n\t\t\t\t\t\t\t\t\t\t\t\t<a tabindex=\"0\">&#8211; ATENCI\u00d3N PERSONALIZADA<\/a><br \/>\n\t\t\t\t\t<\/h4>\n<p>Valoramos la atenci\u00f3n personalizada a cada cliente, comprendiendo sus necesidades individuales y ofreciendo soluciones espec\u00edficas y adaptadas a sus requerimientos. Nos esforzamos por construir relaciones s\u00f3lidas y duraderas basadas en la confianza y el compromiso mutuo.<\/p>\n<h4 id=\"elementor-tab-title-1021\" data-tab=\"1\" role=\"button\" aria-controls=\"elementor-tab-content-1021\" aria-expanded=\"false\">\n\t\t\t\t\t\t\t\t\t\t\t\t<a tabindex=\"0\">&#8211; INNOVACI\u00d3N TECNOL\u00d3GICA<\/a><br \/>\n\t\t\t\t\t<\/h4>\n<p>\u00a0Nos mantenemos a la vanguardia de la tecnolog\u00eda, ofreciendo productos y servicios innovadores que satisfagan las demandas del mercado en constante evoluci\u00f3n. Nos comprometemos a explorar nuevas tecnolog\u00edas y soluciones para mejorar continuamente la experiencia de nuestros clientes.<\/p>\n<h4 id=\"elementor-tab-title-1022\" data-tab=\"2\" role=\"button\" aria-controls=\"elementor-tab-content-1022\" aria-expanded=\"false\">\n\t\t\t\t\t\t\t\t\t\t\t\t<a tabindex=\"0\">&#8211; RESPONSABILIDAD AMBIENTAL<\/a><br \/>\n\t\t\t\t\t<\/h4>\n<p>Nos preocupamos por el impacto ambiental de nuestras operaciones y productos. Nos comprometemos a promover pr\u00e1cticas comerciales sostenibles, reducir nuestro consumo de recursos y minimizar nuestro impacto ambiental. Trabajamos en colaboraci\u00f3n con nuestros proveedores y clientes para fomentar la responsabilidad ambiental en toda la cadena de suministro.<\/p>\n<h4 id=\"elementor-tab-title-1023\" data-tab=\"3\" role=\"button\" aria-controls=\"elementor-tab-content-1023\" aria-expanded=\"false\">\n\t\t\t\t\t\t\t\t\t\t\t\t<a tabindex=\"0\">&#8211; COMPROMISO CON LA COMUNIDAD<\/a><br \/>\n\t\t\t\t\t<\/h4>\n<p>Valoramos nuestro papel en la comunidad y nos comprometemos a contribuir positivamente a trav\u00e9s de iniciativas sociales y programas de responsabilidad social corporativa. Nos esforzamos por ser un miembro activo y responsable de la comunidad, apoyando causas locales y participando en actividades de voluntariado para hacer una diferencia positiva en la vida de las personas que nos rodean.<\/p>\n<h3>RECUERDA QUE ANTE CUALQUIER DUDA PUEDES CONSULTARNOS<\/h3>\n<p>Nuestro equipo trabaja diariamente en ser mejor para todos nuestros clientes.<\/p>\n<p>\t\t\t<a href=\"https:\/\/wa.link\/7180b5\"><br \/>\n\t\t\t\t\t\tCONT\u00c1CTANOS<br \/>\n\t\t\t\t\t<\/a><\/p>\n<p>\u00a9 2024 Plotcopy Derechos Reservados<\/p>\n","protected":false},"excerpt":{"rendered":"<p>PLOT COPY Nuestra empresa es l\u00edder en el mercado de insumos, alquiler y servicios t\u00e9cnicos para equipos de impresi\u00f3n, fotocopiadoras y plotters. Trabajamos con marcas originales como Epson, Canon y HP, ofreciendo productos de alta calidad respaldados por garant\u00eda y soporte t\u00e9cnico. Nos destacamos por nuestro compromiso con la excelencia en el servicio al cliente, [&hellip;]<\/p>\n","protected":false},"author":1,"featured_media":0,"parent":0,"menu_order":0,"comment_status":"closed","ping_status":"closed","template":"","meta":{"footnotes":""},"class_list":["post-157","page","type-page","status-publish","hentry","entry"],"_links":{"self":[{"href":"https:\/\/plotcopy.com\/index.php?rest_route=\/wp\/v2\/pages\/157","targetHints":{"allow":["GET"]}}],"collection":[{"href":"https:\/\/plotcopy.com\/index.php?rest_route=\/wp\/v2\/pages"}],"about":[{"href":"https:\/\/plotcopy.com\/index.php?rest_route=\/wp\/v2\/types\/page"}],"author":[{"embeddable":true,"href":"https:\/\/plotcopy.com\/index.php?rest_route=\/wp\/v2\/users\/1"}],"replies":[{"embeddable":true,"href":"https:\/\/plotcopy.com\/index.php?rest_route=%2Fwp%2Fv2%2Fcomments&post=157"}],"version-history":[{"count":35,"href":"https:\/\/plotcopy.com\/index.php?rest_route=\/wp\/v2\/pages\/157\/revisions"}],"predecessor-version":[{"id":600,"href":"https:\/\/plotcopy.com\/index.php?rest_route=\/wp\/v2\/pages\/157\/revisions\/600"}],"wp:attachment":[{"href":"https:\/\/plotcopy.com\/index.php?rest_route=%2Fwp%2Fv2%2Fmedia&parent=157"}],"curies":[{"name":"wp","href":"https:\/\/api.w.org\/{rel}","templated":true}]}}